a prime number?
False
Let k = 6 - 5. Let y(d) = -k + 6 - 2 + d + d**2. Is y(-4) prime?
False
Is (34 - -2) + 7 + -5 a composite number?
True
Let o(j) = -488*j + 1. Let c be 28/(-10) + (-2)/10. Let g be o(c). Let m = g - 998. Is m a prime number?
True
Let f(u) = -12*u + 2. Let n(s) = 3 - 7*s + s - 5*s. Let a(w) = 2*f(w) - 3*n(w). Is a(4) a composite number?
False
Let n(o) = 6*o**2 - 5*o - 14. Is n(-5) a composite number?
True
Let y(h) = 0*h + 2 + 1 + 4*h - 3*h. Let i be y(-3). Suppose i = 3*t - 8*t + 30. Is t composite?
True
Let r(a) = -526*a + 15. Is r(-7) prime?
True
Let i(w) = -3*w**3 - 12*w**2 + 4*w + 6. Is i(-11) composite?
False
Suppose 0 = 5*c + 2*t + 2, -t = 5*c - 1 + 2. Let i be (-2 - 2/2) + c. Let k(a) = -13*a + 4. Is k(i) composite?
False
Suppose 0 = -5*w + 4*w + 2*d + 177, -531 = -3*w - 2*d. Is w prime?
False
Let i be (0 - -2) + -2 + 2. Let a(o) = 2*o - 2. Let j be a(i). Suppose -105 = -j*v + 73. Is v a prime number?
True
Suppose 4*c - 3*b - 211 = -0*c, 0 = 4*c + 5*b - 171. Suppose 3*r - 8 = -2. Suppose -5*t = 4*y - 69, -r*t + 3*y = 2*t - c. Is t composite?
False
Suppose -354 = -3*t - 48. Let n = 193 - t. Is n composite?
True
Suppose 3*g + 3*u + 9 = 0, 4*g + 5*u + 15 = -0*u. Suppose l + l - 14 = g. Is l prime?
True
Let i = 584 - 297. Is i a composite number?
True
Suppose 159 = -g + 4*g. Is g a composite number?
False
Let b = 303 + -200. Let u = 168 - b. Is u composite?
True
Suppose -q - 2*a + 217 = 0, -4*a + 645 = -3*q + 6*q. Is q a prime number?
True
Suppose -3*x + 335 - 83 = 0. Suppose 3*s - x = -s. Is (-4)/14 + 783/s a prime number?
True
Suppose -31 = 4*q - 95. Is 1692/q - (-2)/8 a prime number?
False
Suppose 3*v = j - 121, -246 = -2*j - v + 5*v. Is j composite?
False
Let q(n) = -2*n**2 - n + 1. Let h be q(3). Is 8/h + 77/5 prime?
False
Suppose -9*b = -8163 + 1854. Is b prime?
True
Let v(g) = 2*g**3 - 5*g**2 - 4*g - 7. Suppose 19 + 1 = 4*l. Let u be v(l). Suppose h + 21 = u. Is h a composite number?
True
Let k be -4*1/4*10. Let x be (k + -2)*6/4. Is (477/x)/(1/(-2)) composite?
False
Let g = -6 - -10. Let k = 21 - g. Is 8*-2*k/(-8) a prime number?
False
Let z(d) = 18*d + 5. Is z(8) composite?
False
Let c be 5/5 + -1*1. Suppose c = k + k - 212. Is k prime?
False
Let h(f) be the second derivative of -f**4/12 + f**3/6 + 3*f**2 + f. Let w be (0/(2 - 3))/(-2). Is h(w) composite?
True
Is 6050/70 + 4/7 composite?
True
Suppose -2*l - 21 = -4*m - 9, 5*m - 9 = 4*l. Is ((-2)/(-4))/(m/510) a prime number?
False
Let b(x) be the third derivative of x**6/120 + x**5/15 - x**4/6 - x**3 - 3*x**2. Is b(-4) prime?
False
Is 858/2 + (-26)/(-13) a prime number?
True
Suppose p - 5 = 0, 4*p = -3*v + 65 + 897. Suppose 0*o + 5*q + v = 2*o, 3*o - 471 = -4*q. Is o prime?
True
Suppose -4*q + 220 + 402 = -3*t, -5*q - 4*t + 793 = 0. Suppose -z + q = 5*c - 452, 3*z - 12 = 0. Is c a composite number?
True
Let b(y) = y + 6. Suppose j = -0 - 4. Let i be b(j). Is (3/((-9)/(-222)))/i prime?
True
Suppose 4*q - 606 = -2*f, 2*f - 3*q - 601 = -2*q. Is f prime?
False
Let j be 28/6*(-24)/(-1). Suppose -3*f = 5*t - 124, -5*t + f = -0*t - j. Is t composite?
False
Let c(i) = i**3 + 10*i**2 - 12*i - 7. Let f be c(-11). Suppose l - 1543 = -2*l - 4*v, -f*v + 1022 = 2*l. Is l prime?
True
Suppose -743 - 58 = -3*x. Is x prime?
False
Let z = -1 - -1. Suppose -5*y + 5*q = 20, z*y + 4*y + 4 = q. Suppose -4*u + 0*u + 188 = y. Is u a prime number?
True
Let u be 0 + (-5)/((-5)/122). Let f = u - 78. Suppose -5*r = -7*r + f. Is r a composite number?
True
Let s(m) = 216*m**3 - 3*m + 5. Is s(2) a composite number?
True
Let v = -200 - -296. Suppose 4*i = 4*b - 2*b + v, -2*b - 119 = -5*i. Is i a composite number?
False
Suppose -5*h + 4*y = 165, 4 - 56 = h + 3*y. Let s = 56 - 119. Let n = h - s. Is n a prime number?
False
Suppose 4 = -4*a, -3*y = -2*y + 2*a - 5. Is y a composite number?
False
Let c(d) = -d**2 - 8*d + 12. Let a = -2 + 7. Suppose -a*v - 26 = 19. Is c(v) a prime number?
True
Let x = 11 + -6. Let d = x + -8. Is 120 + 3/d + 0 a prime number?
False
Let i = -460 + 674. Is i a composite number?
True
Let f = 1528 - 857. Is f composite?
True
Suppose -3*z + 2*z + 111 = 0. Is z composite?
True
Suppose 3065 = w + 4*w. Is w a composite number?
False
Suppose 0 = 4*n - 9*n + 1325. Is n a composite number?
True
Suppose -n - c + 4*c + 896 = 0, -5*c + 872 = n. Is n a prime number?
True
Let x(q) = -q**3 - 13*q**2 - 11*q + 8. Let n be x(-9). Is (3 + n - -3)/(-1) composite?
False
Is 3 + (-75)/27 + (-623288)/(-72) composite?
True
Let i(j) = -j**2 - 5*j + 5. Let c be i(5). Let h = c + 164. Is h composite?
True
Let w(f) = -f**3 + 4. Is w(-3) a composite number?
False
Let c(n) be the first derivative of n**2/2 - 13*n + 2. Let r be c(9). Let p(z) = -15*z + 5. Is p(r) prime?
False
Suppose -3*b + 1 = -3*n - 20, -5*b = 5*n - 55. Suppose b = 3*c - 3. Let z = 83 + c. Is z composite?
True
Suppose 1034 = -25*x + 27*x. Is x composite?
True
Let q(m) be the second derivative of -m**5/20 - 7*m**4/12 - 5*m**3/6 - 2*m**2 + 6*m. Is q(-7) a composite number?
False
Let q(m) = -4*m**3 + 2*m**2 + 2. Let v(h) = h**3 - h**2 - 1. Let u(d) = -2*q(d) - 7*v(d). Is u(5) composite?
True
Suppose 8*z = 9*z - 163. Is z composite?
False
Suppose -3*c - 10 = -2*u, 8*u - 3*u + 5*c = 0. Suppose -3*d + 1255 = u*d. Is d prime?
True
Let r(p) = 2*p**2 + 5*p + 3. Let q be (-4)/6 - 20/6. Is r(q) composite?
True
Suppose w - 583 = -5*r, -2*r + 4*w + 37 = -205. Let p = 2 - 0. Suppose -o - q + 56 = -3*q, p*o - r = -q. Is o a prime number?
False
Suppose -4*v = -559 + 239. Let u = 171 - v. Is u a prime number?
False
Let x = -7 - -11. Suppose x*b - b - 66 = 0. Is b a composite number?
True
Let n = -57 + 30. Is (306/n)/((-4)/42) a composite number?
True
Let a(u) = -5*u**2 + 17*u - 23. Let v(c) = -2*c**2 + 8*c - 11. Let s(r) = -6*a(r) + 13*v(r). Suppose 4*j - j = -18. Is s(j) a prime number?
True
Suppose 5*f + 2*l = -887, 2*f + 2*l = 60 - 410. Let j = f + 264. Is j composite?
True
Let z(a) = 6*a**2 + 7*a + 14. Is z(-7) a composite number?
True
Suppose 3*h - 2844 + 1131 = 0. Is h composite?
False
Suppose 0 = 5*u - 559 - 786. Is u a prime number?
True
Suppose -2*r = 3*r - 25. Suppose 4*t = -v + 5, 5*v = -r*t + 4 + 21. Suppose -2*c - 23 + 61 = t. Is c a prime number?
True
Let m = -3 + 1. Is m/3 - 101/(-3) composite?
True
Let g(h) = h + 5. Let w be g(-5). Suppose 4*p - p - 534 = w. Is p composite?
True
Suppose 5*s = -t + 5*t + 14, 4*s = -5*t + 3. Is s/(2/(-2)) + 21 composite?
False
Let g(u) = u**3 - 10*u**2 + 7*u - 7. Is g(11) prime?
True
Let f be 7*3*(-4)/(-42). Suppose -308 = -6*u + f*u. Is u composite?
True
Let s = 11 + -21. Let x be (12/s)/((-9)/30). Suppose -20 - 78 = -2*q + x*p, 0 = 4*q + 4*p - 220. Is q a prime number?
True
Suppose 4 = -2*q + 4*o, 0 = -5*q - 5*o - 48 - 7. Let z(u) = -10*u - 1. Is z(q) a prime number?
True
Let k = 3 + -3. Suppose k*g - 5*g = 20, 3*g + 1987 = 5*b. Suppose 0 = d + 5*w - 79, -4*d + 5*w = d - b. Is d composite?
False
Let u be (7 - -1)*(-7)/(-2). Let l(b) = 4*b**2 + 3*b + 3. Let y be l(-4). Let x = y + u. Is x a composite number?
False
Suppose 3*b = 7*b - 2*g - 2504, 0 = b - 5*g - 617. Suppose 4*o = o + b. Is o prime?
False
Let b be (-13)/(3 - 20/8). Is (-13)/b + (-650)/(-4) prime?
True
Let a(y) = y**2 + 11*y + 5. Is a(8) composite?
False
Suppose 3*c + 0*c = 249. Is c a composite number?
False
Let n(u) = 2*u + 1. Let a be n(2). Suppose -4*m - 1193 = -3*q, -a*q - m + 2045 - 72 = 0. Is q composite?
True
Suppose 9*w - 1195 = 8*w. Is w a prime number?
False
Let l be (-9)/(-3) - (7 - -1). Let n(t) = -34*t - 7. Is n(l) a prime number?
True
Let n(k) = k**2 - 8*k - 1. Let o be n(8). Is (-123)/(0 - (o - -2)) a composite number?
True
Let o be (0 + 4)/(-1 - 0). Let m(n) be the second derivative of n**4/12 + n**3/2 + 5*n**2/2 - 21*n + 2. Is m(o) a prime number?
False
Let i = -44 - -94. Let m = i - -33. Is m composite?
False
Suppose 2*p = -3*p + 1245. Suppose 10*n - p = 7*n. Is n a prime number?
True
Let u(l) = -147*l - 38. Is u(-9) prime?
False
Let l = 6 - 4. Suppose l*b + m = 4*m + 230, -4*m = -5*b + 561. Is b composite?
False
Let i(o) = -o**2 + 2*o**2 + 4*o**2 - 6. Is i(5) a prime number?
False
Let s = 3 + 1. Let p(g) = -1 + 7*g**2 - 3*g - 2*g + 0*g. Is p(s) a composite number?
True
Let y = 1 - -4. Suppose 0 = y*f + 54 - 224. Is